 divide 2436120?
True
Is 9 a factor of 152631?
True
Is 81668 a multiple of 458?
False
Does 543 divide 2691804?
False
Is 2304954 a multiple of 9?
True
Is 97 a factor of 133237?
False
Is 120744 a multiple of 148?
False
Does 11 divide 190682?
False
Is 667 a factor of 18204998?
False
Is 61 a factor of 60796?
False
Is 9 a factor of 84051?
True
Does 99 divide 3467673?
True
Is 35134 a multiple of 21?
False
Is 3188 a multiple of 358?
False
Does 2 divide 5173?
False
Is 56663 a multiple of 7?
False
Does 49 divide 2109842?
True
Is 13 a factor of 35430?
False
Is 2456415 a multiple of 153?
True
Is 306720 a multiple of 60?
True
Is 15615 a multiple of 45?
True
Is 22 a factor of 88548?
False
Is 2812446 a multiple of 13?
True
Does 7 divide 21457?
False
Does 206 divide 133806?
False
Is 7 a factor of 8770402?
False
Is 695094 a multiple of 140?
False
Is 10523966 a multiple of 867?
False
Is 47 a factor of 2470504?
False
Is 17481 a multiple of 6?
False
Does 327 divide 5208067?
False
Is 301395 a multiple of 7?
False
Is 188686 a multiple of 31?
False
Does 6 divide 54456?
True
Does 12 divide 406014?
False
Is 158510 a multiple of 51?
False
Does 6 divide 1214916?
True
Is 375630 a multiple of 114?
True
Is 27 a factor of 306639?
True
Is 4 a factor of 3794876?
True
Is 2083880 a multiple of 42?
False
Does 45 divide 1118088?
False
Is 81 a factor of 8441465?
False
Does 13 divide 21931?
True
Does 36 divide 80303?
False
Is 408958 a multiple of 11?
True
Does 27 divide 323938?
False
Does 687 divide 5924001?
True
Does 15 divide 524460?
True
Is 387 a factor of 4644?
True
Is 482 a factor of 896510?
False
Is 500 a factor of 1791714?
False
Is 153090 a multiple of 63?
True
Is 4011488 a multiple of 16?
True
Is 65 a factor of 149305?
True
Is 36400 a multiple of 26?
True
Is 223 a factor of 638332?
False
Does 167 divide 410886?
False
Is 124 a factor of 3297266?
False
Is 15 a factor of 23745?
True
Is 4 a factor of 84352?
True
Does 399 divide 1553307?
True
Is 84 a factor of 291781?
False
Is 216 a factor of 251640?
True
Is 29106 a multiple of 20?
False
Is 10 a factor of 122597?
False
Does 642 divide 15709157?
False
Does 107 divide 192921?
True
Is 224 a factor of 2023587?
False
Is 196350 a multiple of 385?
True
Is 2010578 a multiple of 36?
False
Is 3373568 a multiple of 8?
True
Is 3 a factor of 1033637?
False
Does 143 divide 2561988?
True
Is 21 a factor of 360759?
True
Does 4 divide 46484?
True
Is 9624 a multiple of 8?
True
Does 41 divide 2122861?
False
Is 48 a factor of 732284?
False
Does 2 divide 76305?
False
Is 2094052 a multiple of 12?
False
Is 49404 a multiple of 537?
True
Is 753 a factor of 158943?
False
Does 312 divide 1216095?
False
Is 66 a factor of 601512?
False
Does 14 divide 344473?
False
Is 4638169 a multiple of 19?
False
Is 12 a factor of 171936?
True
Is 82710 a multiple of 112?
False
Is 390 a factor of 3234132?
False
Does 60 divide 2797740?
True
Does 210 divide 4753350?
True
Does 334 divide 7158288?
True
Is 4598694 a multiple of 81?
True
Does 127 divide 4462486?
False
Does 3 divide 460?
False
Is 24890 a multiple of 190?
True
Is 99 a factor of 7690703?
False
Does 68 divide 5332335?
False
Is 123985 a multiple of 11?
False
Is 41101 a multiple of 23?
True
Does 155 divide 23870?
True
Is 89 a factor of 13476202?
True
Is 1898 a multiple of 2?
True
Does 307 divide 36533?
True
Is 2408645 a multiple of 16?
False
Is 157015 a multiple of 627?
False
Does 193 divide 124563?
False
Is 15985556 a multiple of 139?
True
Does 208 divide 2257216?
True
Does 237 divide 55458?
True
Does 26 divide 35386?
True
Does 20 divide 2998510?
False
Is 56834 a multiple of 157?
True
Is 68 a factor of 3868118?
False
Is 23026 a multiple of 29?
True
Is 191 a factor of 22920?
True
Is 1077839 a multiple of 8?
False
Does 333 divide 762636?
False
Does 20 divide 12931536?
False
Is 579 a factor of 542484?
False
Is 44885 a multiple of 78?
False
Is 7938535 a multiple of 1048?
False
Is 34 a factor of 792110?
False
Is 5 a factor of 152217?
False
Is 8 a factor of 2331535?
False
Does 57 divide 210843?
True
Does 539 divide 612304?
True
Does 2 divide 70475?
False
Does 13 divide 5186415?
True
Is 153 a factor of 2293453?
False
Is 4936956 a multiple of 11?
False
Does 94 divide 331538?
True
Is 16 a factor of 260032?
True
Does 19 divide 825569?
True
Is 8433425 a multiple of 143?
True
Is 22 a factor of 775644?
False
Is 94 a factor of 84456?
False
Is 8 a factor of 822452?
False
Is 2995425 a multiple of 5?
True
Is 103490 a multiple of 23?
False
Is 980 a factor of 3264380?
True
Does 322 divide 329160?
False
Does 38 divide 25851012?
False
Does 20 divide 5427465?
False
Is 303 a factor of 3584774?
False
Is 93 a factor of 2929100?
False
Does 80 divide 110761?
False
Does 33 divide 1027149?
False
Is 13856535 a multiple of 189?
True
Does 88 divide 907988?
False
Is 2502445 a multiple of 702?
False
Does 6 divide 590400?
True
Is 228613 a multiple of 168?
False
Is 85 a factor of 176367?
False
Is 50 a factor of 97155?
False
Does 51 divide 1061667?
True
Is 304 a factor of 155565?
False
Is 544 a factor of 340544?
True
Is 75400 a multiple of 145?
True
Does 216 divide 856872?
True
Is 26185 a multiple of 12?
False
Is 54 a factor of 34560?
True
Is 503 a factor of 1327970?
False
Is 809485 a multiple of 51?
False
Is 59 a factor of 89385?
True
Is 277 a factor of 10404951?
True
Is 101296 a multiple of 26?
True
Does 1097 divide 559470?
True
Is 1449959 a multiple of 487?
False
Does 8 divide 1757816?
True
Is 33 a factor of 1081963?
False
Is 20 a factor of 86220?
True
Is 54 a factor of 68364?
True
Is 17 a factor of 290139?
True
Does 48 divide 1667634?
False
Does 152 divide 55024?
True
Is 90986 a multiple of 7?
True
Is 997 a factor of 5416701?
True
Is 27 a factor of 413019?
True
Does 4 divide 525172?
True
Does 3 divide 106939?
False
Is 16 a factor of 707547?
False
Does 15 divide 1189368?
False
Is 13328 a multiple of 98?
True
Does 361 divide 472549?
True
Is 1189743 a multiple of 7?
False
Is 6 a factor of 193879?
False
Is 163622 a multiple of 3?
False
Is 369881 a multiple of 4?
False
Does 12 divide 442400?
False
Is 195 a factor of 831480?
True
Is 269895 a multiple of 266?
False
Is 2356974 a multiple of 1064?
False
Is 1345189 a multiple of 16?
False
Is 27721064 a multiple of 56?
True
Does 24 divide 72476?
False
Is 656586 a multiple of 567?
True
Is 225911 a multiple of 33?
False
Is 561 a factor of 1827500?
False
Is 3044054 a multiple of 458?
False
Is 6845062 a multiple of 14?
True
Does 21 divide 583047?
False
Is 15 a factor of 413180?
False
Is 184 a factor of 234034?
False
Is 43 a factor of 2078423?
False
Is 1045 a factor of 1769185?
True
Is 620361 a multiple of 43?
True
Is 19 a factor of 692341?
True
Does 306 divide 184984?
False
Is 3599145 a multiple of 99?
True
Is 140975 a multiple of 7?
False
Does 372 divide 221714?
False
Is 17 a factor of 10046320?
True
Does 83 divide 1710049?
True
Is 270302 a multiple of 9?
False
Is 38 a factor of 49590?
True
Is 34 a factor of 4368469?
False
Is 13 a factor of 2700199?
False
Is 301888 a multiple of 9?
False
Is 244604 a multiple of 25?
False
Is 445056 a multiple of 3?
True
Is 39 a factor of 9000108?
True
Is 26 a factor of 1582542?
True
Does 348 divide 1202756?
False
Is 6516860 a multiple of 28?
True
Is 233985 a multiple of 95?
True
Is 4488663 a multiple of 15?
False
Is 4 a factor of 21452?
True
Does 239 divide 66418?
False
Is 383481 a multiple of 30?
False
Does 86 divide 391386?
True
Does 72 divide 349645?
False
Is 41 a factor of 283712?
False
Is 222454 a multiple of 421?
False
Is 113 a factor of 388807?
False
Is 426 a factor of 55037?
False
Is 162 a factor of 290125?
False
Is 25751 even?
False
Is 24 a factor of 17272715?
False
Does 234 divide 1124838?
True
Is 142 a factor of 221355?
False
Does 69 divide 689862?
True
Does 52 divide 15652?
True
Is 520234 a multiple of 44?
False
Is 16 a factor of 46032?
True
Is 227280 a multiple of 4?
True
Is 810730 a multiple of 72?
False
Does 13 divide 4898996?
False
Is 52 a factor of 2459392?
True
Is 30 a factor of 1272845?
False
Does 562 divide 7399015?
False
Does 78 divide 3496652?
False
Does 22 divide 10572936?
True
Is 245 a factor of 206045?
True
Is 125 a factor of 2321875?
True
Is 10 a factor of 353850?
True
Does 151 divide 208582?
False
Does 8 divide 361423?
False
Does 244 divide 1628700?